 - 4*d**2 + 2*d - 2. Let r = 9 - 4. Suppose 4*v + 4 = r*v. What is t(v)?
6
Let x be (1 + 0)*(-2 - -3). Let i = x - -4. Let w(b) be the second derivative of b**3/3 - 2*b**2 - b. Determine w(i).
6
Let l(s) be the second derivative of s**3/6 + 3*s**2/2 - 2*s - 16. Determine l(-6).
-3
Let t(z) be the second derivative of z**6/720 + z**5/60 + 5*z**4/12 - 2*z. Let a(n) be the third derivative of t(n). Give a(-5).
-3
Let l = 27 - 22. Let g(q) = 4*q + l - 2*q - 2 - 2. Calculate g(1).
3
Let p(n) = -n**3 + n**2 + 5*n - 3. Let a be p(3). Let z(k) = 13*k**2 - 3 - 34*k**2 - 6*k + 14*k**2 + k**3 - 2*k**3. What is z(a)?
-3
Let f(b) be the third derivative of -b**4/24 + b**3/6 + 25*b**2 + 2. Give f(5).
-4
Let r(s) = s**2 + s - 3. Let o be r(-3). Let q = o - -1. Let h(v) = v**2 - 2*v - 6. Let g(d) = 1. Let m(a) = q*g(a) + h(a). What is m(4)?
6
Suppose -j - 16 = -4*p, 3*p - 16 = -3*j - 4. Let v = 10 - 7. Let z(c) = -5 - 6*c**2 + 4*c + v*c + c**3 + c**2. Determine z(p).
7
Let g(x) be the second derivative of 0 + 1/12*x**4 - 2/3*x**3 + 2*x**2 + 4*x. Calculate g(4).
4
Let r(q) = -2*q**3 + 6*q**2 - 2*q - 2. Let t be r(4). Let b be t/(-11) + (-8)/(-44). Let w(v) = -v**2 + 4*v. What is w(b)?
0
Let n(y) = -1 - 2*y + 1. Suppose -3*f - 3 = 2*z, -2*f = -z + 15 - 6. Let o = z - 0. Calculate n(o).
-6
Let b(c) = -2*c**2 - 2*c**3 + c - 2*c + 3*c. Let z be b(-2). Let t(u) = u**3 - 5*u**2 + 4*u. What is t(z)?
0
Let n(k) be the second derivative of -k**5/60 + k**4/24 - 5*k**2/2 + 4*k. Let t(b) be the first derivative of n(b). What is t(4)?
-12
Let r(q) = -q + 3. Let x = -27 + 30. Calculate r(x).
0
Let t(c) = -c**3 - 4*c**2 - 4. Let j = -139 + 135. Give t(j).
-4
Let t(c) = -c - 3. Let d be 448/(-77) + (-2)/11. Let i be ((-20)/d)/(10/(-15)). Give t(i).
2
Let u(g) = g - 7. Suppose -2*w + 7 = -w + 3*t, 8 = 2*w + 4*t. Let i(l) = -2*l + 7. Let h(b) = w*i(b) - 3*u(b). Calculate h(0).
7
Let p(q) = 3*q + 7. Suppose -16*l - 66 = -5*l. Give p(l).
-11
Let v(l) = l**2 - 7*l - 1. Let i(q) = 2*q**2 - 14*q - 2. Let z(w) = -6*i(w) + 11*v(w). What is z(6)?
7
Let t be (-6)/(-14) - 700/(-196). Let n(l) be the first derivative of -2 - 3*l**2 + t*l + 1/3*l**3. What is n(4)?
-4
Let x(n) = -3*n**2 - n - 1. Suppose -2*h + 18 = 4*o, 2*h - 23 = -3*o - 2*o. Let i be x(h). Let q(a) be the first derivative of a**4/4 + a**3 - 1. What is q(i)?
0
Let f(j) be the first derivative of j**2/2 + 8*j + 2. Give f(-6).
2
Let z(j) be the first derivative of -j**3/3 + 2*j**2 + 2*j - 1. Suppose -5*f + 10 = -3*y, -2*y + 20 = y + f. Calculate z(y).
-3
Let u(h) = 14*h + 8*h**2 - 34*h + 21*h. Let m be 17/2 - 1/2. Let c be m/6 - 1/3. Give u(c).
9
Let h(a) = -a**2 + 2*a + 1. Let f be 56/12 - (-2)/(-3). Suppose 0 = 5*d - j - 0 - 2, d + 4*j = 13. Let g = f - d. Give h(g).
-2
Suppose -b + 0*f - 5 = 3*f, 22 = 4*b - 2*f. Let r(t) = -t**2 + 7*t - 2. Let p be r(6). Let c(u) = -p + 1 - u**2 - 1 + 6*u. What is c(b)?
4
Suppose -5*g - 6*j + 3 = -2*j, -2*g = 4*j + 6. Let d(s) = 9 - 6*s + g*s - 7*s**2 + 4*s - s**3. Give d(-7).
2
Let j(s) = s. Let t(c) = -c - 1. Let v(g) = -4*j(g) - 3*t(g). Calculate v(4).
-1
Let o be -1 + 9 + 0/1. Let b(q) = q**3 - 9*q**2 + 8*q - 6. Determine b(o).
-6
Suppose 5*o = 2*a - 25, 13 = 5*a + o + 3*o. Let n(x) = -x - 2*x + a*x. Suppose -22 + 4 = -3*j - 3*h, j = -4*h + 18. Give n(j).
4
Let j(s) be the second derivative of -s - 1/6*s**3 - s**2 + 0. What is j(0)?
-2
Let v(c) = -4*c**2 + 3*c - c**3 + 0*c**3 - 350 + 351. What is v(-5)?
11
Let m(k) = 4 - 3 + 0 - 27*k**2 + 21*k**2. Calculate m(-1).
-5
Let p(d) = -4*d - 7. Let o(z) = 17*z + 28. Let s(g) = -2*o(g) - 9*p(g). Let i = 1 + -7. Let y be s(i). Let r(b) = -b**2 - 4*b + 3. Calculate r(y).
-2
Let z(v) = v**2 - 52*v - 8 + 59*v + 0*v**2 + 0*v**2. What is z(-7)?
-8
Suppose 4*n = n + 12. Let f(h) = h**3 - 5*h**2 + 4*h - 3. Let p be f(5). Suppose 25 = -0*i + 5*i - 2*g, 0 = -i - n*g - p. Let y(r) = -r + 2. Give y(i).
-1
Let i(p) = p + 8. Let u be -4 + 48/18 + 8/6. Calculate i(u).
8
Let l(v) = 36*v + 3 - 79*v - 5 + 42*v. Suppose w - 5 = -2. Give l(w).
-5
Let d(f) be the second derivative of f**5/20 - f**4/12 + f**3/6 - 3*f**2 - 13*f. What is d(0)?
-6
Let l be (-4)/4*(1 + -4). Let j(o) = 0 + 4 + 3 - o - 4. Give j(l).
0
Let m(o) = -o**2 - 7*o + 10. Suppose 1 = 5*f + p + 34, 5*f + 3*p + 29 = 0. Give m(f).
10
Let f(a) = 9*a. Let s(p) = -2*p - 7. Let k(z) be the first derivative of z**2/2 + 4*z + 1. Let v(j) = 5*k(j) + 3*s(j). Let o be v(0). Determine f(o).
-9
Let u = 10 + -8. Let p(l) = l**3 + l + 3*l - l**2 - u - 3*l. Suppose -5*d = -8 - 2. Give p(d).
4
Let m(v) be the first derivative of -v**3/3 + v**2 - v - 11. What is m(-3)?
-16
Let y(p) = p**2 - 5*p - 3. Let b(z) = -z**3 + 14*z**2 + 13*z + 34. Let a be b(15). Calculate y(a).
-7
Let r be (-3)/(-7) + 36/14. Let n = 1 - -2. Let i(h) = -r*h**2 + 0*h**n - 4*h**3 + 3*h**3 - 3*h**2 - 5*h. What is i(-4)?
-12
Let w(x) be the first derivative of x**4/4 + 4*x**3/3 - x**2/2 - x - 1. Suppose 1 = -2*r + 5*n + 19, 2*r - 3*n = 18. Suppose -3*m - r = -0*m. Determine w(m).
11
Let k(h) = h**2 - 3*h + 5. Let c = 11 - 7. Suppose c = -5*y + 6*y. Determine k(y).
9
Let k(s) = s**3 - 8*s**2 + 7*s - 3. Suppose -4*w + 3*x + 0*x = -22, 0 = -w - 2*x + 11. Give k(w).
-3
Let o = -13 + 15. Let q(n) = n**3 - o + 4 + 20*n - 20*n. Give q(-2).
-6
Let l(j) = -j + 1. Let c(m) = -m**3 + 8*m**2 - 7*m + 4. Let b(o) = -c(o) - l(o). Calculate b(7).
2
Let p(i) = 7*i**2 - 1. Suppose 3*u = k - 19, -9 = 5*k + 1. Let n be (-16)/u - 4/14. Suppose v = -n + 1. Give p(v).
6
Let o(p) = -5*p**2 + 5*p - 3. Let m(i) = -9*i**2 + 9*i - 6. Let k(w) = 6*m(w) - 11*o(w). Let x = -6 + 11. Suppose 2*u - 9 - 1 = -4*t, 0 = 5*u + x. What is k(t)?
3
Suppose -17*x - 36 = -8*x. Let o(l) = -l**3 - 2*l**2 + 6*l + 1. What is o(x)?
9
Let d(i) = 4 + 7*i**2 - 3*i + 4*i + 5*i**2 - i**3 - 16*i**2. Give d(-3).
-8
Suppose 5*p + 11 = 4*j, -4*p - 6*j + 2*j = -20. Let m(x) = p - x**2 - 2*x + 3*x - 2 + 3*x. Calculate m(5).
-6
Let w(j) = -3*j + 4 - j**2 - 3 + 3 - 2. Determine w(-4).
-2
Let t(l) = -6*l - 3 + 6 + 5*l. Let h(f) = -f**3 - 33*f**2 - 2*f - 71. Let s be h(-33). Determine t(s).
8
Let o(u) = -u**2 + 6*u + 2. Suppose -9*y + 11*y - 4 = 0. Suppose -1 = y*s - 11. Suppose 4*v + s*b + 1 = 0, -19 = -5*v - b + 6. Calculate o(v).
2
Let t(c) = -4*c + 17. Let v be t(5). Let j(b) = -b**2 - 4*b + 1. Calculate j(v).
4
Let u(q) = -3*q**2 + 7*q - 6. Let f(x) = -6*x**2 + 15*x - 13. Let l(k) = -4*f(k) + 9*u(k). Give l(2).
-8
Let z(p) = 11*p**2 + 21. Let v(r) = -4*r**2 - 7. Suppose -5*o + 3*q = 2*q + 16, -4*o - 5*q - 7 = 0. Let c(m) = o*z(m) - 8*v(m). What is c(0)?
-7
Let c(i) = i**3 - 7*i**2 + 7*i - 4. Suppose -10*y = -13 - 47. Give c(y).
2
Let j = 19 - 38. Let g = -19 - j. Let x(u) = u - 5. What is x(g)?
-5
Let r(q) be the first derivative of q**4/4 - q**2/2 + 17. Give r(0).
0
Let b(y) be the third derivative of -y**5/60 + y**4/4 + y**3/6 + 5*y**2. What is b(5)?
6
Let j(o) = o**2 + 5*o + 2 + 2 - 9*o. Let x be j(4). Let q = -7 + x. Let v(c) = c**2 + 3*c. What is v(q)?
0
Let t(x) be the second derivative of -x**5/12 + x**4/24 + x**3/2 + 7*x. Let j(b) be the second derivative of t(b). Determine j(-1).
11
Let p(u) be the third derivative of u**4/8 + 17*u**3/6 - 39*u**2. Determine p(-7).
-4
Suppose 2*p = -14 + 16. Let y(z) = 4*z. Calculate y(p).
4
Let q = -2 + -4. Let v be q*(-1 - (-1)/2). Let u(i) = -4*i - v + 5 - 1. Calculate u(1).
-3
Let b(s) be the second derivative of -s**5/20 - s**4/12 - s**3/6 + 2*s. Suppose 2*n = -0*n + 8. Suppose 3 = -3*q, -q + 5*q = -n*g - 12. Calculate b(g).
6
Let m(j) be the second derivative of j**5/20 - j**4/3 - j**3/2 - 3*j**2/2 - 7*j. Determine m(5).
7
Let c(d) = -d + 4. Suppose q + 1 + 9 = 0. Let w = -8 - q. Calculate c(w).
2
Suppose 8*u = 2*u - 24. Let c(d) = d**2 + 1. Let r(o) be the second derivative of -o**4/6 + 2*o**3/3 + o. Let m(h) = -3*c(h) - r(h). What is m(u)?
-3
Let a(p) = p**3 + 5*p**2 - 3*p. Let z = 0 + -6. Calculate a(z).
-18
Let y(o) = -o**3 + 9*o**2 - 3*o + 3. Let r(v) = v**3 - 8*v**2 + 4*v - 4. Let i(t) = -3*r(t) - 2*y(t). Determine i(4).
14
Let n(q) be the second derivative of 2*q**3 + 10*q. Give n(-1).
-12
Suppose -4*h - 12 = -i - 0*h, -5*i + h = -22. Let d(c) = 6*c**2 - 18*c - 5. Let n(a) = -4*a**2 + 12*a + 3. Let v(g) = -5*d(g) - 8*n(g). Give v(i).
9
Let y b